78044 and 537.
179
Calculate the greatest common factor of 609 and 315201.
87
What is the greatest common factor of 188 and 388972?
188
Calculate the greatest common factor of 90988 and 258.
86
Calculate the greatest common divisor of 1641112 and 306.
34
Calculate the highest common divisor of 219127 and 209.
19
Calculate the highest common divisor of 3619 and 520149.
329
What is the highest common factor of 2061472 and 112?
112
What is the highest common divisor of 1966869 and 388?
97
Calculate the highest common divisor of 75279 and 6831.
69
Calculate the greatest common divisor of 14250 and 115824.
114
Calculate the highest common factor of 4255 and 2553.
851
What is the highest common factor of 3210 and 3620?
10
What is the highest common factor of 2532 and 276?
12
What is the greatest common divisor of 368449 and 3035?
607
Calculate the highest common divisor of 19 and 883481.
19
Calculate the greatest common factor of 294 and 3136.
98
What is the highest common factor of 4990 and 80?
10
Calculate the highest common factor of 866168 and 8.
8
Calculate the greatest common factor of 350 and 42602.
14
What is the highest common divisor of 342 and 3372462?
342
Calculate the greatest common factor of 21682 and 6.
2
What is the greatest common factor of 4802 and 154?
14
Calculate the greatest common factor of 657 and 637071.
219
Calculate the greatest common factor of 208584 and 144.
72
What is the greatest common divisor of 7 and 367769?
1
What is the highest common divisor of 26240 and 30?
10
What is the greatest common factor of 9362 and 125934?
302
What is the highest common divisor of 23987 and 39176?
83
Calculate the greatest common divisor of 278008 and 7657.
589
What is the greatest common factor of 1024267 and 68?
17
Calculate the highest common divisor of 2023 and 280.
7
What is the greatest common factor of 126116 and 328?
164
Calculate the greatest common factor of 59125 and 1892.
473
Calculate the highest common divisor of 17525 and 120572.
701
Calculate the highest common divisor of 21440 and 46565.
335
Calculate the greatest common factor of 6591 and 1911.
39
Calculate the greatest common factor of 4507672 and 2922.
974
What is the highest common divisor of 26567 and 31?
31
What is the highest common factor of 6984 and 2124?
36
Calculate the highest common factor of 68136 and 2040.
408
Calculate the greatest common divisor of 366 and 888221.
61
Calculate the highest common factor of 71631 and 168.
21
Calculate the greatest common divisor of 3501420 and 12.
12
What is the highest common factor of 119 and 528479?
119
Calculate the greatest common divisor of 60 and 68304.
12
Calculate the greatest common factor of 2340 and 883896.
156
Calculate the highest common factor of 180 and 129510.
90
Calculate the greatest common divisor of 338 and 258856.
26
What is the greatest common factor of 22 and 245135?
11
What is the highest common divisor of 391 and 301047?
23
What is the highest common factor of 189 and 57699?
27
What is the greatest common factor of 2316 and 9457?
193
Calculate the greatest common divisor of 6945 and 35.
5
What is the greatest common divisor of 145970 and 44?
22
What is the highest common divisor of 10020 and 1630?
10
What is the highest common factor of 960330 and 714?
714
What is the highest common factor of 13090 and 230?
10
Calculate the greatest common divisor of 25028 and 772.
4
Calculate the highest common factor of 138670 and 98.
98
What is the greatest common factor of 406 and 396256?
406
What is the greatest common divisor of 128 and 2760?
8
Calculate the greatest common factor of 550 and 166200.
50
Calculate the greatest common factor of 43 and 174623.
43
What is the greatest common divisor of 415875 and 10875?
375
Calculate the highest common factor of 88 and 378741.
11
Calculate the greatest common factor of 7518 and 6594.
42
Calculate the highest common divisor of 46452 and 15372.
84
What is the highest common factor of 14980 and 280?
140
Calculate the highest common divisor of 402 and 66531.
201
What is the greatest common factor of 203216 and 156?
52
Calculate the highest common divisor of 187718 and 235.
47
Calculate the greatest common divisor of 9016 and 8855.
161
Calculate the greatest common factor of 2994162 and 6.
6
Calculate the highest common divisor of 990 and 754875.
495
Calculate the greatest common factor of 1715 and 602210.
245
Calculate the highest common divisor of 608 and 270712.
152
Calculate the highest common factor of 1636 and 24.
4
Calculate the highest common factor of 630 and 9954.
126
What is the greatest common factor of 101919 and 159?
159
What is the highest common divisor of 17226 and 1386?
198
Calculate the highest common factor of 20 and 4124090.
10
What is the greatest common divisor of 736501 and 1405?
281
Calculate the highest common divisor of 495 and 34815.
165
Calculate the highest common factor of 945831 and 1776.
111
Calculate the highest common factor of 24187 and 4693.
361
Calculate the highest common factor of 435 and 235857.
87
What is the highest common divisor of 740 and 755?
5
What is the greatest common factor of 25 and 52575?
25
Calculate the highest common factor of 216 and 18660.
12
Calculate the greatest common factor of 3078 and 14250.
114
What is the highest common divisor of 223056 and 2352?
48
What is the highest common divisor of 69 and 2005002?
69
Calculate the greatest common divisor of 116 and 1650042.
58
Calculate the greatest common divisor of 62 and 145576.
62
What is the highest common factor of 1781 and 3419?
13
Calculate the greatest common divisor of 1374184 and 56.
56
Calculate the greatest common divisor of 52 and 554398.
26
What is the highest common factor of 506 and 41294?
22
Calculate the greatest common divisor of 51 and 12869.
17
Calculate the highest common factor of 92 and 684181.
23
What is the greatest common factor of 5135 and 195?
65
Calculate the highest common factor of 759892 and 588.
196
Calculate the greatest common divisor of 217 and 13447.
7
Calculate the highest common factor of 2071 and 8611.
109
What is the greatest common factor of 88 and 80792?
8
Calculate the greatest common factor of 3 and 25059.
3
Calculate the greatest common divisor of 7 and 53501.
7
What is the highest common factor of 8931 and 273?
39
Calculate the greatest common divisor of 15 and 50565.
15
What is the greatest common divisor of 1599316 and 181?
181
Calculate the highest common factor of 10441 and 197.
197
What is the highest common factor of 286 and 123409?
143
What is the greatest common divisor of 10 and 61094?
2
What is the highest common divisor of 997224 and 37?
37
What is the greatest common factor of 6125 and 4000?
125
Calculate the greatest common factor of 4 and 37010.
2
What is the greatest common divisor of 403 and 5314764?
403
Calculate the greatest common divisor of 435750 and 45.
15
Calculate the greatest common divisor of 95316 and 423.
141
What is the highest common divisor of 416 and 114736?
16
What is the highest common factor of 7508 and 4?
4
Calculate the highest common divisor of 287 and 156784.
41
Calculate the highest common factor of 16 and 17032.
8
Calculate the greatest common factor of 1565 and 78563.
313
Calculate the highest common factor of 22392 and 86458.
622
What is the greatest common divisor of 129614 and 916?
458
What is the greatest common divisor of 688 and 71122?
86
Calculate the highest common factor of 14 and 23643900.
14
What is the greatest common factor of 5121128 and 344?
344
What is the greatest common factor of 33 and 2616537?
33
Calculate the highest common divisor of 960 and 9408.
192
What is the greatest common factor of 679 and 1099?
7
What is the highest common divisor of 16616 and 4805?
31
What is the greatest common factor of 285 and 112385?
95
What is the greatest common divisor of 70 and 1090250?
70
Calculate the greatest common divisor of 258 and 141126.
258
Calculate the greatest common factor of 4860 and 627264.
324
Calculate the greatest common divisor of 1 and 765590.
1
What is the greatest common divisor of 4111 and 320?
1
Calculate the highest common factor of 28075 and 1000.
25
Calculate the highest common divisor of 266 and 21774.
38
What is the greatest common d